 Let s(r) = -6 + w*r - 4*r + 0. What is s(-4)?
2
Let a = -5 - -6. Let v = a + -6. Let o(b) = -b**3 - 6*b**2 - 7*b - 6. What is o(v)?
4
Let r(p) = -10*p**2 + 9*p**2 + 12 + 0*p**2. What is r(0)?
12
Let i = 4 - 4. Let t(m) = -1 - 1 + i + 3*m. What is t(-2)?
-8
Let b(v) = v**3 + 6*v**2 + 6*v + 2. Let t = 3 + -1. Suppose 12 = t*o + o. Let n be o/6*12/(-2). Give b(n).
10
Let n(c) be the first derivative of 1/3*c**3 + 3/2*c**2 + c + 1. Determine n(-2).
-1
Suppose -3*w + 2 - 26 = -2*o, -5*o + 4*w + 60 = 0. Let j be (4/(-6))/(o/54). Let d(y) = -y**2 - 2*y - 1. Give d(j).
-4
Let x(n) = 4*n - 2. Let s be x(1). Let g(r) = -2*r + 3. Give g(s).
-1
Let j be (-1*15)/(-3) + -2. Let a(y) = -j + y + 2 + 0*y. Let m(w) = -w. Let d(p) = -4*a(p) - 5*m(p). Give d(-5).
-1
Let p(d) = -d + 2. Let y(n) = -n**2 + 7*n + 1. Let j be y(7). Let a be (j - (-8)/(-3))*-3. What is p(a)?
-3
Let u(y) = -y**3 - y**2 + 1. Let w(j) = -6*j**3 - 9*j**2 + 6*j + 11. Let s(v) = -5*u(v) + w(v). Let z be (4/(-2))/((-4)/(-10)). Give s(z).
1
Let p(z) = -34 - 10*z + 16 + 19. Determine p(1).
-9
Let d = -15 + 16. Let f(h) = -11*h**2 - 1. What is f(d)?
-12
Let p = -7 + 10. Let l(m) = -8 + 0*m + 5*m**2 + 5*m + m**p + 12. What is l(-4)?
0
Let j(c) = c - 1. Let o = 50 + -56. Give j(o).
-7
Let l(k) = -2*k**3 - 11*k**2 - 2*k + 6. Let j(w) = -w**3 - 5*w**2 - w + 3. Let t(b) = 5*j(b) - 2*l(b). Determine t(-3).
6
Let s be 1/2 - 7/(-2). Let x = 5 - s. Let i(k) = 1 - 5*k + 0*k - 2 + 2. Give i(x).
-4
Let l(m) = 4*m**3 - 4*m**2 - 5*m. Let b(f) = 3*f**3 - 3*f**2 - 4*f - 1. Let x(t) = -5*b(t) + 4*l(t). Determine x(0).
5
Let p(x) = -x**3 + 3*x**2 + 6*x - 1. Let m = -16 + 4. Let u = m - -16. Give p(u).
7
Suppose 8 = 2*x - 2. Let o(a) = 4*a**2 + 8*a + 3. Let r(z) = 3*z**2 + 7*z + 3. Let h be (16/6)/((-2)/3). Let k(y) = h*o(y) + 5*r(y). What is k(x)?
-7
Let h(a) = -a**3 - 6*a**2 - 6*a + 2. Let s = 7 - 4. Let m(i) = -s*i - 5*i**2 + 5*i**2 + i**3 - 3. Let p be m(-2). Calculate h(p).
7
Suppose 4*l + 4 - 100 = 0. Suppose 3*d + 3*a = l, -4*d = -3*d - 5*a + 16. Let v(c) = -2*c. Calculate v(d).
-8
Suppose 5*m - 38 = 32. Suppose 4*u + m = -2*p, 2*u - 5*p - 1 = -2. Let x(b) = 3*b + 1. Calculate x(u).
-8
Let x(p) = p**2 - 4*p - 4. Let q(u) = -u**2 + 10*u - 9. Let a be q(9). Suppose a = -4*l + 5*l - 5. Let c be x(l). Let y(g) = 3*g**2 + g - 1. Calculate y(c).
3
Let g(o) = -o**3 + o**2 + 5*o - 2. Let j be g(3). Let a = -3 - j. Let p = a + -5. Let u(i) = 2*i**2 + 4*i - 1. What is u(p)?
5
Let r(k) = 6*k**2 + 1. Let q(s) = -s**3 - 4*s**2 + 6*s + 5. Let d be q(-5). Suppose f = -d - 3. Let o = f + 4. Determine r(o).
7
Let j = -84 - -88. Let i(k) = k**2 - 5*k + 5. Give i(j).
1
Let v(o) = 7*o**2 - 2*o + 1. Let f(c) = -c**2 - 4*c - 3. Let r be f(-2). Give v(r).
6
Let j(q) be the second derivative of q**4/12 + 4*q**3/3 + q**2/2 - q. Let i be 96/(-36)*(-31 - -1). Let z be 5/3 - i/12. Calculate j(z).
-14
Let b(k) be the first derivative of -k**3/3 + 3*k**2 - 4*k - 1. Let m(f) = 8*f + 12. Let x be m(-1). What is b(x)?
4
Let k(q) = -2*q - 22. Let b be k(-14). Let h(d) = -3*d + 8. What is h(b)?
-10
Let t(x) = 3*x + 4. Let q(u) = u**3 + 2*u**2 - 5*u - 3. Let z be q(-3). Let b be ((-2)/1)/((-3)/z). Suppose -c - b*c = 9. Determine t(c).
-5
Let k(n) be the third derivative of n**5/60 + n**4/8 - n**3/6 - n**2. Let u be k(-4). Let x(t) = -43*t - 41*t + 83*t + 3 - 1. Calculate x(u).
-1
Let g = -3 - -5. Let v = -2 + g. Let h(p) = -p + p**3 + v*p - 3*p**2 - 3 + 0*p. Determine h(3).
-6
Let t(a) be the third derivative of a**6/120 + a**5/15 - a**4/6 + a**3/3 - 3*a**2. Let d = 6 + -1. Suppose 2*s - g = 2*g - 16, s = -d*g + 5. Calculate t(s).
-3
Suppose -25 = -p + 6*p. Let s(g) be the second derivative of -g**4/12 - g**3/2 + 2*g**2 - 10*g. What is s(p)?
-6
Let q(s) = 44*s + 20. Let g(f) = 15*f + 7. Suppose 2*z - 2*x = -32, -z = 3*z - 2*x + 66. Let o(w) = z*g(w) + 6*q(w). What is o(-1)?
-8
Let l(t) = -t + 4. Let k be l(4). Let y(b) = -6*b - 2*b**2 + k*b + b + 1 + 0*b. Calculate y(-4).
-11
Let s be (1/2)/(1/(-2)). Let x(l) be the first derivative of -l**6/60 - l**5/120 + 2*l**3/3 + 1. Let o(i) be the third derivative of x(i). Give o(s).
-5
Suppose 4*f + 2 = -3*n, 1 = 5*n - 2*f - 13. Let k(a) = -3*a**3 + 4*a**2. Let r(c) = -c**3 + c**2. Let j(s) = -k(s) + r(s). Give j(n).
4
Let g(q) = -14*q**2 - q. Let j(b) = -15*b**2 - b. Let n(d) = 5*g(d) - 4*j(d). Determine n(1).
-11
Suppose -14 = -5*p - 3*v + 1, v - 15 = -5*p. Suppose j + p*s + 6 = s, -3*s = 3*j + 6. Let b(x) be the first derivative of x**2 - 2. Give b(j).
4
Suppose 0*j + 15 = 3*j. Let p(y) be the second derivative of -y**5/60 + y**4/4 + y**3/3 - y. Let b(t) be the second derivative of p(t). Determine b(j).
-4
Suppose 6*m + 4 = -14. Let t(c) = 2*c**2 + 4*c. Calculate t(m).
6
Let h be (-6)/(-2) + 15/3. Let d(j) = j**3 - 8*j**2 + j + 5. Determine d(h).
13
Let r(t) = 2*t**3 + t**2 - 3*t - 3. Suppose 4*z - 5*b = -2*b - 5, -2*b = -2*z - 2. Determine r(z).
-9
Let b(m) = -m + 2. Suppose -2*f + 36 = -6*f. Determine b(f).
11
Let c(g) = -3*g**2 - 5*g - 3. Let n(v) = v**2 + v. Let z = 4 - 8. Let y(k) = z*n(k) - c(k). Determine y(3).
-3
Let d(z) = z**2 - 9*z + 12. Let h(p) = p**2 - p - 4. Let b be h(-3). Let r be d(b). Let m(c) = -c + 2 - r + 0*c + 4. Give m(-5).
7
Let i(b) be the first derivative of b**4/4 + 5*b**3/3 - 6*b - 17. Let u(r) = 2*r + 5. Let n be u(-5). Calculate i(n).
-6
Suppose -5*a + 4*j - 2*j + 8 = 0, -4*a + 5 = -3*j. Suppose -o = 4*v - 13, 0 = a*o - 2. Let b(n) = 2*n - n + 2 + 4 - 5. What is b(v)?
4
Let o(k) = -k**3 + 6*k**2 - k + 5. Let w be o(6). Let t(q) = -5*q + 2. Let u(b) = b + 1. Let v(n) = t(n) - 3*u(n). What is v(w)?
7
Let r = -25 - -25. Let b(o) be the first derivative of 1/4*o**4 + r*o**3 - 1 - 9*o + 1/2*o**2. What is b(0)?
-9
Let q = 9 - 14. Let v(w) = w**2 + 5*w + 7. Give v(q).
7
Let m be -3 - (0 + 12)/(-2). Let o(c) = -c**2 - 6*c + 9. Let i be o(-7). Let n(k) = 2 + 4*k + 2*k - i*k**2 - 4*k. Calculate n(m).
-10
Let s = -14 - -14. Let p(z) = z - 7. Give p(s).
-7
Suppose 4*k - 104 = -0*k. Suppose -q = 2*z - 3*z + 7, -5*q - k = -2*z. Let j(i) be the third derivative of -i**5/60 + 5*i**4/24 - 2*i**3/3 + i**2. Give j(z).
2
Let c(k) = -k + 2. Let b(g) = 0 + 0 + 8 - 4*g. Let r(v) = 2*b(v) - 9*c(v). Calculate r(-2).
-4
Suppose 0 = -3*y + 2*k + 18, -3*y + 6*k = 3*k - 18. Let x be -1*(2 + 8/(-2)). Let g(q) = -2 - x*q**2 + q**3 - 3*q**2 - 4*q - 2*q. Give g(y).
-2
Let x(a) = -a**2 - a - 5. Let q(n) = n**3 + 5*n**2 + 2*n - 8. Let v be q(-4). What is x(v)?
-5
Let c(u) = -u**2 + 4*u + 1. Suppose 4*l = 3*l + 5*f - 11, l - 29 = -5*f. Let y = 17 - l. Suppose -3*s - 2*s - 4*n = -21, -2*n = 2*s - y. Determine c(s).
-4
Suppose -5*t = -0*t. Suppose -2*f - 4 = -t, 3*f + 6 = 5*h. Suppose o + 10 = -h*a - 2*a, 2*o = 0. Let c(y) = -y - 1. What is c(a)?
4
Let z(c) be the third derivative of -c**5/60 + c**4/6 + c**3 - c**2. Suppose -l = -0*l. Suppose l = -2*i - i + 15. Give z(i).
1
Let i be 7/(-28) - 1/(-4). Let w be (i - 1)/(-1 + 2). Let y(j) be the second derivative of -5*j**4/12 + j**3/3 + j**2/2 + j. Calculate y(w).
-6
Let u(v) = -4 + 2*v**2 + 7*v + 0*v**2 + v**2 - 4*v**2. Calculate u(5).
6
Suppose -15 = 2*s + 3*o, 5*o = -5*s - 0*o - 35. Let z(p) be the second derivative of p**3/3 + 3*p**2 - p. What is z(s)?
-6
Let q(s) = 4*s + 2. Let b(n) = 4*n + 1. Let t(j) = 5*b(j) - 4*q(j). Let p = -10 - -12. Give t(p).
5
Let h(w) = -w - 5. Let b be 752/(-8) + 0 + 3. Let x be (-1)/(-2) + b/14. What is h(x)?
1
Let k(m) = 2*m**3 - 8*m**2 + 2*m + 2. Let o(a) = -a**3 + 6*a**2 - a - 2. Let i(w) = -2*k(w) - 3*o(w). Let x be 2*2/6*-3. What is i(x)?
4
Let h(a) = a**3 - a**2 + a - 1. Let f(k) = -2*k - 6. Let l be f(-6). Suppose -4 = 2*r - l. Determine h(r).
0
Let t = -1 + 1. Let j(m) be the third derivative of -m**4/24 - m**3 + 2*m**2. What is j(t)?
-6
Let g(f) be the third derivative of 1/24*f**4 + 3*f**2 - 1/30*f**5 - 1/2*f**3 + 0 + 0*f - 1/120*f**6. Calculate g(-3).
3
Let v be 34/3 + (-4)/12. Let c = v + -7. Let p(s) = -s**2 - s. Let k(o) = 2*o**2 - 6*o + 6. Let d(y) = -k(y) - p(y). Calculate d(c).
6
Let m = -10 + 13. Let n(c) be the third derivative of -4*c**2 + 0*c + 0 - 1/6*c**m - 7/24*c**4. What is n(1)?
-8
Let i be 3/(-6)*-6 - 6. Let x be ((-2)/i)/((-2)/9). Let z be -2 + 1/(x/(-24)). Let a(v) = -v**3 + 6*v**2 + 5. Det